rime number?
False
Is 144504133 prime?
False
Is 560737 composite?
False
Is 1769687 a composite number?
False
Is 838429 composite?
False
Is 5502041 a prime number?
True
Is 34958467 prime?
True
Is 29490077 a prime number?
True
Is 2679449 a composite number?
False
Is 54458011 prime?
True
Is 138739 composite?
False
Is 17406953 prime?
True
Is 166612033 composite?
True
Is 47267491 composite?
False
Is 4987453 a composite number?
False
Is 84524887 a prime number?
True
Is 115800689 a prime number?
True
Is 20646139 composite?
True
Is 217933 a composite number?
False
Is 43182317 composite?
False
Is 2128234 prime?
False
Is 661874531 a composite number?
True
Is 19389191 a composite number?
False
Is 8946607 prime?
False
Is 110227747 composite?
True
Is 170589647 composite?
True
Is 4859081 a composite number?
False
Is 7014233 composite?
True
Is 91499 a prime number?
True
Is 8433193 composite?
False
Is 31771 a composite number?
False
Is 44491 composite?
False
Is 1854373 a composite number?
False
Is 5270843 composite?
False
Is 460590485 prime?
False
Is 14727001 a prime number?
False
Is 11288429 composite?
False
Is 26919299 composite?
True
Is 2808283 composite?
True
Is 3442273 composite?
False
Is 885623 prime?
True
Is 74277619 prime?
False
Is 104099605 a composite number?
True
Is 7236451 prime?
False
Is 14250923 a composite number?
False
Is 41416285 a prime number?
False
Is 39521137 composite?
False
Is 11586953 prime?
False
Is 88470199 a prime number?
False
Is 162610817 a prime number?
True
Is 22373797 a prime number?
True
Is 203846633 prime?
True
Is 52701403 a prime number?
True
Is 7735763 a composite number?
True
Is 1460681 a prime number?
True
Is 52984823 a prime number?
False
Is 91186591 a composite number?
False
Is 19962353 a composite number?
True
Is 559967 a composite number?
False
Is 468078398 a prime number?
False
Is 147703 prime?
True
Is 44034637 composite?
True
Is 15180773 composite?
False
Is 5428777 a prime number?
True
Is 23048213 prime?
False
Is 63190507 a composite number?
True
Is 369731 a composite number?
False
Is 8182309 a composite number?
False
Is 9286619 composite?
False
Is 3361049 a prime number?
True
Is 152479 composite?
True
Is 53920486 a composite number?
True
Is 109661 composite?
False
Is 218072213 a composite number?
False
Is 12285881 prime?
True
Is 1719619069 composite?
True
Is 12287854 a prime number?
False
Is 48321323 composite?
False
Is 216451 prime?
True
Is 7146943 a composite number?
True
Is 13993723 a composite number?
False
Is 1103447993 a prime number?
True
Is 160186037 prime?
False
Is 60955787 composite?
False
Is 1695665099 prime?
True
Is 41422411 a prime number?
False
Is 1108867 prime?
True
Is 303196567 a prime number?
False
Is 13344677 prime?
False
Is 6332713 a prime number?
False
Is 10219211 composite?
False
Is 266402 prime?
False
Is 6853435 composite?
True
Is 1051247 prime?
True
Is 64032379 composite?
False
Is 7371241 a prime number?
False
Is 121409 prime?
False
Is 14908781 a composite number?
False
Is 30753427 prime?
False
Is 124213 a composite number?
False
Is 16580657 composite?
False
Is 221435231 composite?
False
Is 2353937 a prime number?
False
Is 1578107 composite?
True
Is 5971589 a composite number?
True
Is 10939793 prime?
True
Is 10909921 prime?
False
Is 5001379 a composite number?
False
Is 172351841 prime?
True
Is 34009483 composite?
True
Is 2054687 prime?
True
Is 1421603 prime?
True
Is 3060407 a prime number?
False
Is 7033759 prime?
False
Is 12014309 prime?
True
Is 8972543 a prime number?
False
Is 6628087 composite?
False
Is 209638571 prime?
False
Is 99508213 composite?
True
Is 27297643 composite?
True
Is 15610801 composite?
True
Is 12888371 composite?
False
Is 5667899 composite?
True
Is 71224171 a prime number?
False
Is 14999329 a composite number?
False
Is 7683337 composite?
True
Is 79567913 prime?
False
Is 927378629 a prime number?
True
Is 145658951 a composite number?
False
Is 9508354 composite?
True
Is 6735629 a prime number?
False
Is 8037899 a prime number?
True
Is 2805409 a composite number?
True
Is 5038133 a composite number?
False
Is 33170079 a composite number?
True
Is 30944699 composite?
True
Is 28540711 prime?
False
Is 3956993 prime?
False
Is 527724179 prime?
True
Is 364846 composite?
True
Is 3979187 a composite number?
True
Is 492755207 prime?
False
Is 4603229 composite?
False
Is 1445657 a composite number?
False
Is 34932593 a composite number?
True
Is 520773317 a prime number?
True
Is 11512229 prime?
False
Is 1714007 a prime number?
False
Is 530037521 a composite number?
True
Is 74009623 composite?
True
Is 2888773 a prime number?
True
Is 1747271 prime?
True
Is 8857873 a prime number?
True
Is 1392497 a composite number?
False
Is 2892619 prime?
True
Is 145482697 prime?
True
Is 74137231 a composite number?
True
Is 537839 a composite number?
True
Is 3515497 composite?
True
Is 4741207 composite?
False
Is 20845189 prime?
True
Is 4123481 composite?
True
Is 31558535 a prime number?
False
Is 8754151 a composite number?
True
Is 209288831 composite?
False
Is 105289 a prime number?
False
Is 9605879 prime?
False
Is 235568485 composite?
True
Is 19069147 prime?
True
Is 671401 a prime number?
True
Is 515996093 a prime number?
False
Is 5976053 composite?
True
Is 1568309 a composite number?
False
Is 5833229 a composite number?
False
Is 18471941 composite?
True
Is 364207 composite?
True
Is 205909883 a prime number?
False
Is 1676041 composite?
False
Is 1600603 a composite number?
False
Is 4639049 composite?
False
Is 304388933 a prime number?
True
Is 465199 prime?
False
Is 285192331 composite?
False
Is 58885133 a prime number?
True
Is 5436187 composite?
False
Is 453061283 a prime number?
True
Is 1675307 prime?
True
Is 44920223 prime?
True
Is 888721 a composite number?
False
Is 2327791 composite?
True
Is 1667395 a composite number?
True
Is 134121641 a composite number?
True
Is 304236701 a composite number?
False
Is 21326387 prime?
True
Is 1062241 composite?
True
Is 5383549 a prime number?
True
Is 13684217 composite?
False
Is 5533933 composite?
True
Is 77459 a composite number?
True
Is 7760641 a prime number?
False
Is 3195001 composite?
False
Is 100649 a composite number?
False
Is 263881 a composite number?
False
Is 29758933 a prime number?
False
Is 3298857 prime?
False
Is 310687 a prime number?
False
Is 5417053 composite?
False
Is 81250469 prime?
True
Is 531954013 composite?
False
Is 14466731 a composite number?
True
Is 2251777 composite?
True
Is 291 prime?
False
Is 6948169 a composite number?
True
Is 37234247 a prime number?
False
Is 12277799 prime?
True
Is 486907 a composite number?
False
Is 102456947 a prime number?
True
Is 838349 a prime number?
True
Is 227981773 a prime number?
False
Is 24140551 composite?
False
Is 236947063 a prime number?
True
Is 917062 prime?
False
Is 284779181 prime?
True
Is 307705459 a composite number?
False
Is 41251369 a prime number?
False
Is 1361317 a prime number?
True
Is 145950503 prime?
True
Is 1896313 a composite number?
False
Is 11451071 prime?
True
Is 21898221 composite?
True
Is 941257 a composite number?
True
Is 8445079 prime?
True
Is 125816351 prime?
True
Is 94563739 a composite number?
False
Is 2004293 prime?
True
Is 531021 composite?
True
Is 59138581 a composite number?
False
Is 4113143 a prime number?
True
Is 2982494257 prime?
True
Is 47720899 prime?
False
Is 120299 a prime number?
True
Is 41218357 prime?
False
Is 10414891 a prime number?
True
Is 11161691 composite?
True
Is 270259529 prime?
True
Is 119633303 a composite number?
True
Is 10033423 prime?
False
Is 140498443 a composite number?
True
Is 29460599 a prime number?
False
Is 91582447 a composite number?
True
Is 3801937 a composite number?
False
Is 22712843 prime?
True
Is 290791169 a composite number?
False
Is 1037161 a prime number?
False
Is 18783491 a prime number?
True
Is 2577539 a composite number?
False
Is 4018207 prime?
True
Is 2511031 a prime number?
False
Is 22365061 a prime number?
False
Is 7015355 prime?
False
Is 12755749 composite?
False
Is 13284191 a composite number?
True
Is 41337529 a composite number?
False
Is 27030205 a composite number?
True
Is 66565337 a composite number?
False
Is 108463591 prime?
True
Is 5275869 a prime number?
False
Is 17796469 a composite number?
False
Is 10439501 a prime number?
T